st common divisor of 16 and 1068776.
8
Calculate the greatest common divisor of 45367 and 343.
7
What is the greatest common divisor of 354725 and 225?
25
Calculate the highest common divisor of 2990 and 260360.
230
What is the highest common divisor of 971960 and 1320?
440
What is the highest common divisor of 429 and 327129?
33
Calculate the greatest common factor of 634413 and 13.
13
What is the greatest common divisor of 140 and 143840?
20
Calculate the greatest common factor of 90 and 413955.
45
What is the greatest common divisor of 80 and 64208?
16
Calculate the greatest common divisor of 15820 and 3430.
70
Calculate the highest common divisor of 98982 and 36855.
1053
What is the greatest common divisor of 1715 and 14455?
245
Calculate the greatest common factor of 53120 and 12.
4
Calculate the highest common divisor of 17125 and 56992.
137
Calculate the greatest common factor of 295971 and 481.
13
Calculate the greatest common factor of 297479 and 1401.
467
Calculate the highest common divisor of 2196 and 854.
122
Calculate the greatest common divisor of 88710 and 150.
30
Calculate the greatest common divisor of 3800 and 875.
25
Calculate the greatest common factor of 466684 and 1564.
68
Calculate the highest common factor of 2853 and 255819.
951
What is the greatest common factor of 20907 and 364509?
909
Calculate the greatest common divisor of 1598256 and 48.
48
What is the highest common factor of 55 and 9245?
5
Calculate the highest common factor of 32004 and 42.
42
What is the greatest common factor of 624 and 1989780?
156
What is the greatest common divisor of 9999 and 825?
33
Calculate the greatest common divisor of 8960 and 25600.
1280
Calculate the highest common divisor of 238640 and 1140.
380
Calculate the greatest common factor of 7131851 and 43.
43
What is the highest common factor of 293 and 344275?
293
Calculate the greatest common factor of 1221985 and 285.
95
Calculate the greatest common divisor of 28054 and 2822.
166
What is the highest common divisor of 4050 and 5550?
150
What is the greatest common factor of 483 and 219765?
483
What is the highest common divisor of 3280 and 18416?
16
Calculate the highest common factor of 815 and 8855.
5
What is the greatest common divisor of 128 and 65600?
64
Calculate the highest common divisor of 33 and 113355.
33
What is the highest common factor of 2178 and 5742?
198
Calculate the greatest common divisor of 3536 and 154440.
104
What is the greatest common factor of 4 and 85594?
2
What is the highest common factor of 51959 and 446?
223
Calculate the highest common divisor of 216 and 3164.
4
Calculate the highest common divisor of 1 and 9558.
1
What is the greatest common divisor of 949900 and 874?
46
Calculate the greatest common divisor of 17 and 712538.
17
What is the greatest common factor of 28692 and 6?
6
Calculate the greatest common divisor of 1188 and 9020.
44
What is the highest common divisor of 8157 and 30?
3
What is the greatest common factor of 10 and 753770?
10
Calculate the greatest common divisor of 1674 and 2154.
6
Calculate the greatest common factor of 2427240 and 60.
60
What is the greatest common divisor of 1274 and 288?
2
What is the greatest common divisor of 1400 and 112700?
700
Calculate the highest common divisor of 131 and 1971157.
131
Calculate the greatest common divisor of 527463 and 1854.
927
What is the greatest common divisor of 7781525 and 5?
5
What is the highest common divisor of 11446 and 4838?
118
Calculate the greatest common divisor of 372660 and 40.
20
What is the highest common divisor of 71 and 2006105?
71
What is the highest common divisor of 42534 and 510?
102
Calculate the highest common factor of 820 and 1873372.
164
Calculate the highest common divisor of 187 and 622523.
187
What is the greatest common factor of 11 and 3009435?
11
Calculate the greatest common factor of 7220 and 106780.
380
Calculate the highest common divisor of 56691 and 9.
9
Calculate the greatest common divisor of 96 and 1689.
3
What is the greatest common divisor of 6762 and 9384?
138
Calculate the highest common factor of 18 and 1005678.
18
Calculate the highest common factor of 224 and 10892.
28
What is the highest common factor of 339563 and 5691?
1897
What is the highest common divisor of 150 and 1106025?
75
What is the highest common divisor of 6 and 12330?
6
What is the highest common divisor of 128908 and 12987?
481
Calculate the highest common factor of 940 and 284350.
470
Calculate the highest common divisor of 1540 and 76216.
28
What is the greatest common divisor of 211204 and 29378?
794
What is the greatest common factor of 945 and 32935?
35
Calculate the highest common factor of 1245 and 264853.
83
What is the greatest common divisor of 396 and 165330?
198
Calculate the greatest common factor of 98868 and 714.
42
What is the highest common factor of 55669 and 7160?
179
Calculate the highest common divisor of 4459 and 39.
13
What is the highest common divisor of 972 and 224046?
486
What is the greatest common factor of 9747 and 9025?
361
Calculate the highest common factor of 949768 and 454.
454
What is the greatest common divisor of 304 and 9462?
38
What is the highest common factor of 20 and 54470?
10
What is the highest common factor of 578 and 7083101?
289
What is the greatest common divisor of 10508 and 59348?
148
What is the greatest common factor of 210 and 387570?
30
What is the greatest common divisor of 121851 and 54?
27
Calculate the highest common divisor of 2525 and 2000.
25
Calculate the greatest common divisor of 76 and 175636.
76
Calculate the greatest common divisor of 44 and 7970611.
11
What is the greatest common factor of 115 and 3786950?
115
What is the greatest common factor of 6 and 65584?
2
What is the greatest common factor of 41917 and 76486?
167
What is the greatest common factor of 396 and 698364?
36
Calculate the highest common divisor of 445 and 28213.
89
Calculate the greatest common factor of 600 and 148400.
200
What is the highest common divisor of 456 and 106476?
228
What is the highest common divisor of 120 and 9960?
120
What is the greatest common divisor of 4800 and 702200?
200
Calculate the highest common divisor of 255892 and 296.
148
Calculate the greatest common factor of 65954 and 27593.
673
What is the highest common divisor of 1100 and 1485?
55
What is the greatest common divisor of 160 and 406240?
160
What is the greatest common divisor of 66 and 23914?
22
What is the highest common factor of 614098 and 82?
82
What is the highest common divisor of 95375 and 625?
125
Calculate the greatest common factor of 808 and 75851.
101
Calculate the highest common factor of 20427 and 132.
33
Calculate the highest common divisor of 8738 and 9299.
17
What is the greatest common factor of 241648 and 66?
22
Calculate the highest common divisor of 7052 and 5246.
86
What is the greatest common divisor of 813334 and 40774?
2146
What is the highest common divisor of 450 and 21435?
15
Calculate the greatest common factor of 519 and 410183.
173
Calculate the highest common divisor of 96 and 42.
6
Calculate the greatest common factor of 976032 and 18.
18
Calculate the greatest common factor of 99 and 2181168.
99
What is the highest common factor of 53919 and 18?
9
What is the highest common factor of 1842 and 54?
6
What is the highest common divisor of 10437 and 568?
71
What is the highest common divisor of 680 and 28220?
340
What is the highest common factor of 11560 and 20?
20
What is the highest common divisor of 2324924 and 344?
172
What is the greatest common factor of 238 and 14644?
14
What is the highest common divisor of 4444062 and 798?
798
Calculate the greatest common factor of 93600 and 59040.
1440
What is the greatest common divisor of 1191 and 142523?
397
Calculate the highest common divisor of 4755 and 115071.
951
What is the greatest common divisor of 274375 and 4375?
625
What is the highest common divisor of 7958 and 368?
46
What is the greatest common factor of 884 and 8551?
17
What is the highest common factor of 539 and 2629?
11
Calculate the highest common factor of 19 and 1255957.
19
What is the highest common divisor of 4777190 and 11?
11
Calculate the highest common factor of 1218 and 378.
42
What